12387 is divided by 153?
147
Calculate the remainder when 3877 is divided by 768.
37
What is the remainder when 3367 is divided by 1120?
7
What is the remainder when 18340 is divided by 6106?
22
Calculate the remainder when 4330 is divided by 133.
74
What is the remainder when 38765 is divided by 727?
234
Calculate the remainder when 345 is divided by 165.
15
Calculate the remainder when 66461 is divided by 223.
7
What is the remainder when 42462 is divided by 7074?
18
Calculate the remainder when 53584 is divided by 7653.
13
What is the remainder when 1828796 is divided by 37?
34
Calculate the remainder when 660853 is divided by 54.
1
What is the remainder when 2431 is divided by 806?
13
What is the remainder when 45721 is divided by 170?
161
What is the remainder when 1819 is divided by 14?
13
What is the remainder when 126814 is divided by 31700?
14
Calculate the remainder when 16349 is divided by 7.
4
What is the remainder when 580344 is divided by 290145?
54
What is the remainder when 707621 is divided by 225?
221
Calculate the remainder when 4547 is divided by 31.
21
What is the remainder when 6023 is divided by 205?
78
What is the remainder when 2240 is divided by 22?
18
What is the remainder when 2627 is divided by 654?
11
Calculate the remainder when 41965 is divided by 30.
25
What is the remainder when 19055 is divided by 1730?
25
What is the remainder when 42252 is divided by 436?
396
Calculate the remainder when 363 is divided by 78.
51
Calculate the remainder when 21943 is divided by 399.
397
Calculate the remainder when 12716 is divided by 187.
0
Calculate the remainder when 11182 is divided by 1026.
922
Calculate the remainder when 464 is divided by 144.
32
What is the remainder when 10422 is divided by 401?
397
What is the remainder when 15203 is divided by 160?
3
Calculate the remainder when 75488 is divided by 105.
98
Calculate the remainder when 7135163 is divided by 295.
293
Calculate the remainder when 1031 is divided by 252.
23
Calculate the remainder when 35065 is divided by 2194.
2155
Calculate the remainder when 26254 is divided by 24.
22
What is the remainder when 5507 is divided by 1365?
47
What is the remainder when 377469 is divided by 94364?
13
What is the remainder when 18822 is divided by 2081?
93
Calculate the remainder when 20387 is divided by 114.
95
Calculate the remainder when 21441 is divided by 10697.
47
Calculate the remainder when 7002 is divided by 47.
46
What is the remainder when 5630 is divided by 507?
53
Calculate the remainder when 7879 is divided by 7868.
11
Calculate the remainder when 4712695 is divided by 284.
283
Calculate the remainder when 534 is divided by 40.
14
What is the remainder when 1502984 is divided by 65347?
3
Calculate the remainder when 25240 is divided by 7.
5
What is the remainder when 58530 is divided by 39?
30
What is the remainder when 102543 is divided by 2848?
15
Calculate the remainder when 147374 is divided by 276.
266
Calculate the remainder when 4610 is divided by 189.
74
What is the remainder when 66759 is divided by 256?
199
What is the remainder when 498 is divided by 156?
30
Calculate the remainder when 1252692 is divided by 69.
66
Calculate the remainder when 6043304 is divided by 22.
14
Calculate the remainder when 152668 is divided by 23.
17
What is the remainder when 43231 is divided by 313?
37
Calculate the remainder when 455296 is divided by 59.
52
Calculate the remainder when 89306 is divided by 89292.
14
What is the remainder when 51075 is divided by 11?
2
Calculate the remainder when 353340 is divided by 22.
20
What is the remainder when 15924 is divided by 179?
172
Calculate the remainder when 270357 is divided by 9.
6
Calculate the remainder when 24606 is divided by 2698.
324
Calculate the remainder when 166378 is divided by 17.
16
Calculate the remainder when 30915 is divided by 295.
235
Calculate the remainder when 1284378 is divided by 431.
429
What is the remainder when 13761 is divided by 33?
0
Calculate the remainder when 9926 is divided by 283.
21
Calculate the remainder when 209970 is divided by 25.
20
Calculate the remainder when 119775 is divided by 1235.
1215
What is the remainder when 34404 is divided by 11443?
75
Calculate the remainder when 108439 is divided by 195.
19
What is the remainder when 253087 is divided by 387?
376
What is the remainder when 12794 is divided by 154?
12
What is the remainder when 2250273 is divided by 1378?
1377
What is the remainder when 31380 is divided by 16?
4
What is the remainder when 999 is divided by 228?
87
Calculate the remainder when 150106 is divided by 8829.
13
Calculate the remainder when 2168 is divided by 700.
68
What is the remainder when 25506 is divided by 1490?
176
Calculate the remainder when 130985 is divided by 2300.
2185
Calculate the remainder when 30491 is divided by 19.
15
Calculate the remainder when 66440 is divided by 318.
296
What is the remainder when 503 is divided by 471?
32
What is the remainder when 6596 is divided by 51?
17
Calculate the remainder when 32508 is divided by 185.
133
What is the remainder when 16227 is divided by 3982?
299
What is the remainder when 147622 is divided by 16?
6
What is the remainder when 3697 is divided by 37?
34
What is the remainder when 62281 is divided by 252?
37
Calculate the remainder when 25634 is divided by 52.
50
Calculate the remainder when 2187 is divided by 1080.
27
What is the remainder when 1067 is divided by 1043?
24
What is the remainder when 1247 is divided by 273?
155
What is the remainder when 2701 is divided by 196?
153
What is the remainder when 8255 is divided by 3475?
1305
Calculate the remainder when 1470 is divided by 722.
26
Calculate the remainder when 1438 is divided by 30.
28
Calculate the remainder when 1474 is divided by 1014.
460
What is the remainder when 86094 is divided by 26?
8
What is the remainder when 16499 is divided by 65?
54
What is the remainder when 1382520 is divided by 28?
20
Calculate the remainder when 65651 is divided by 21808.
227
Calculate the remainder when 1179 is divided by 1047.
132
What is the remainder when 187511 is divided by 93661?
189
What is the remainder when 6991 is divided by 226?
211
What is the remainder when 7862 is divided by 24?
14
What is the remainder when 10083 is divided by 12?
3
Calculate the remainder when 15842 is divided by 5279.
5
What is the remainder when 442912 is divided by 315?
22
Calculate the remainder when 8919 is divided by 548.
151
Calculate the remainder when 7928 is divided by 128.
120
Calculate the remainder when 201548 is divided by 69.
68
What is the remainder when 322586 is divided by 15?
11
Calculate the remainder when 70708 is divided by 3392.
2868
What is the remainder when 490112 is divided by 40?
32
Calculate the remainder when 9310 is divided by 11.
4
Calculate the remainder when 117923 is divided by 29478.
11
Calculate the remainder when 505897 is divided by 20.
17
Calculate the remainder when 12833 is divided by 121.
7
What is the remainder when 241531 is divided by 241529?
2
What is the remainder when 19788 is divided by 127?
103
What is the remainder when 136414 is divided by 19487?
5
Calculate the remainder when 54463 is divided by 27159.
145
Calculate the remainder when 67278 is divided by 228.
18
Calculate the remainder when 39863 is divided by 101.
69
What is the remainder when 238 is divided by 160?
78
Calculate the remainder when 61 is divided by 22.
17
Calculate the remainder when 25472 is divided by 8429.
185
Calculate the remainder when 1134 is divided by 1004.
130
Calculate the remainder when 17011 is divided by 8493.
25
Calculate the remainder when 31180 is divided by 10390.
10
Calculate the remainder when 9842 is divided by 473.
382
What is the remainder when 12499 is divided by 1784?
11
Calculate the remainder when 28721 is divided by 6.
5
Calculate the remainder when 17394 is divided by 34.
20
Calculate the remainder when 4657 is divided by 2324.
9
What is the remainder when 41043 is divided by 420?
303
Calculate the remainder when 414 is divided by 56.
22
What is the remainder when 2538 is divided by 809?
111
What is the remainder when 7409 is divided by 127?
43
What is the remainder when 4702 is divided by 1447?
361
What is 